12/(-18) + (-20)/(-3). What is the greatest common divisor of 12 and i?
6
Let d = -4 - -9. Suppose -d*v + v + 32 = 0. Calculate the highest common divisor of 2 and v.
2
Suppose 71 - 323 = -4*g. Let r(o) = -o**3 + 6*o**2 + 8*o + 2. Let u be r(7). What is the highest common divisor of u and g?
9
Let n = 12 - 2. Calculate the greatest common factor of n and 40.
10
Let x = 8 + -4. Suppose -57 = -3*r - 0*t - 3*t, -3*t - 41 = -x*r. What is the highest common divisor of r and 14?
14
Let s be (-3)/(18/(-4))*9. Suppose 0*t + 3*m + 17 = -2*t, 3*t - 3*m = 12. Let a be (8/6)/(t/(-36)). Calculate the greatest common divisor of a and s.
6
Let r be (-57)/(-3) + 6/3. Calculate the greatest common factor of r and 14.
7
Let h(a) be the second derivative of -a**5/20 + 7*a**4/12 - a**3 + 3*a**2/2 - 6*a. Let r be h(4). Calculate the greatest common factor of 3 and r.
3
Suppose -1 + 6 = 5*j, -5*r + 3*j = 78. Let i = -11 - r. What is the highest common factor of i and 16?
4
Let v be 177/9 - (-5)/15. What is the greatest common factor of 4 and v?
4
Let f(x) = -2*x + 5*x + 2 - 4*x + 84*x**2. Let o be f(1). What is the greatest common factor of 17 and o?
17
Let s be (16/(-6))/(8/(-12)). Let o be -4 + 3 + 3 + 0. Calculate the greatest common factor of s and o.
2
Let z be ((-10)/6)/((-10)/120). What is the highest common divisor of z and 180?
20
Suppose 1 = r - 3*l, 0*l - l = 4*r - 43. Suppose -5*n + 0*n = -r. Suppose u = 5*u - 4. What is the greatest common divisor of u and n?
1
Let y be (-4)/6 + (-4)/(-6). Suppose 3*t - t - 322 = y. Calculate the greatest common divisor of 23 and t.
23
Suppose -1530 = -25*u + 8*u. Suppose 0 = -3*j - 8 + 38. What is the highest common factor of u and j?
10
Suppose 97 = 9*g - 308. Calculate the highest common factor of g and 60.
15
Let i(n) = -7*n - 8. Let a be i(-4). Let v be 1680/7*(-6)/(-8). What is the greatest common divisor of v and a?
20
Let c = -31 + 33. Suppose 5*z = 5*x - 310, 5*x = -c*z - 48 + 365. Let q(t) = t**2 + 2*t + 1. Let k be q(2). Calculate the greatest common factor of k and x.
9
Let s(r) = 23*r**2 + 1. Let g be s(3). What is the highest common factor of g and 16?
16
Let b(x) = -x**2 - 7*x - 2. Let q be b(-8). Let n be 4/q + (-62)/(-5). Calculate the greatest common divisor of n and 3.
3
Suppose 3*g + 5*t + 0*t = -14, 5*g - t = 14. Let d be 8/(-4) - (0 - -1). Let i be ((-44)/6)/(g/d). Calculate the highest common factor of 22 and i.
11
Let x = 13 + -11. Suppose x*d - 3*w - 17 = 0, -5*w - 5 = 10. What is the greatest common factor of 16 and d?
4
Let k be (-83)/(-4) + (-41)/(-164). What is the highest common factor of k and 231?
21
Let c be ((-11)/33)/(1/(-6)). Let f be -10*((-16)/4)/c. What is the greatest common factor of 40 and f?
20
Let r(l) = -l - 7. Let a be r(-7). Suppose 5*w - 2*w - 84 = a. What is the highest common divisor of 70 and w?
14
Suppose h - 108 = -h. What is the greatest common divisor of 18 and h?
18
Let r(w) = 133*w**3 - 2*w + 1. Let d be r(1). Calculate the greatest common factor of 33 and d.
33
Let f = 20 + -8. What is the highest common factor of f and 84?
12
Let y(t) = 5*t - 2. Suppose -4*r = -5*s - 5, 5*s = 2*s - 5*r + 34. Let d be y(s). Calculate the highest common factor of d and 39.
13
Let m be ((-66)/(-8) + -8)/(2/8). Let n = 19 + -8. What is the highest common divisor of m and n?
1
Suppose 3*p - 15 = 3*o + 15, 3*o + 17 = 2*p. What is the greatest common divisor of p and 91?
13
Let x = 1 + -1. Suppose x = -p - 3*a + 51, -111 = 4*p + 4*a - 339. Calculate the greatest common divisor of 6 and p.
6
Let f be (-4)/(-8)*-1*0. Suppose f = -4*c + 16 + 28. Calculate the greatest common factor of 1 and c.
1
Suppose i = 6*i. Let k be (1 - i)/((-7)/(-14)). Let a(h) = 3*h**3 - 3*h**2 + 1. Let d be a(k). Calculate the highest common factor of d and 13.
13
Let c = 61 + -51. What is the greatest common factor of 110 and c?
10
Let v be (5 - 6)/((-1)/4). Suppose 0 = -2*q + v + 10. What is the highest common factor of 77 and q?
7
Suppose -6*l - r = -l - 219, -4*l + 179 = -3*r. Calculate the highest common divisor of 66 and l.
22
Let v(o) = -o + 32. Let q be v(0). Suppose 0 = 54*l - 51*l - 12. Calculate the highest common factor of q and l.
4
Let o be (-1)/(-4) - (-76)/16. Suppose 0 = -2*n + x + 8 + 14, -4*n + 58 = o*x. Calculate the greatest common factor of n and 12.
12
Let x be ((-7)/2 + 3)/(5/(-90)). Let t = 3 - -2. Suppose t*l = -0*p - 2*p + 178, -p + 2*l = -107. Calculate the highest common factor of x and p.
9
Let a be (-4)/(-2) - -16 - 2. Let h = 46 + -46. Suppose 4*c + 4 = h, a = q + q - 4*c. Calculate the greatest common divisor of q and 18.
6
Let r(j) = 11*j - 9. Let t be r(3). Calculate the greatest common factor of t and 36.
12
Let m(b) = 2*b**3 - 10*b**2 + 9*b - 1. Let v be m(5). Calculate the highest common divisor of v and 352.
44
Suppose 4*v - 5*z - 20 = 0, z + 20 = 3*v + v. Let q(l) = -l**2 + 7*l - 7. Let j be q(v). Suppose -7*y - y = -264. What is the highest common factor of j and y?
3
Suppose -o - 5 = -2*o. Suppose -31 = -o*q - 1. What is the greatest common factor of 54 and q?
6
Suppose -3*r + 1 = -95. Let h(u) = u**3 + 7*u**2 + 4*u + 10. Let j be h(-4). Suppose 202 = 2*p + j. What is the greatest common divisor of p and r?
16
Suppose u = -0*u + 2. Suppose 5*n - 16 = 2*i, 3*n + 2*i - 18 = -i. Calculate the greatest common factor of u and n.
2
Let u(z) be the second derivative of -z**3 - z. Let d be u(-4). Calculate the highest common divisor of d and 192.
24
Let a(x) = -x + 3. Let l be a(-3). Calculate the highest common divisor of l and 2.
2
Suppose -w - 2*w + 210 = 0. What is the highest common factor of w and 10?
10
Let s(b) = -b**3 - 9*b**2 - 11*b - 6. Let q be s(-8). Let k be -11 - -9 - q/(-2). What is the highest common divisor of 35 and k?
7
Let b(j) = -2*j - 1. Let z be 26/(-3) + (-2)/(-3). Let c be b(z). Suppose a = 6*a - c. What is the highest common divisor of 15 and a?
3
Let d(v) = -v - 1. Let h be d(-3). Let q(u) = -u**2 + 11*u - 4*u + h*u**2 + 6. Let t be q(-7). What is the greatest common divisor of 54 and t?
6
Let f be 1/2 - 2/(-4). Let j be 12 + -11 - (-1 - -1). Suppose h - j - f = 0. What is the highest common divisor of 10 and h?
2
Suppose -2*m + 6 = -5*d, m - 3*m = 2*d - 6. Let k be -51*((1 - 2) + d). Calculate the greatest common divisor of k and 34.
17
Let o = -135 - -138. Suppose 5*a - 156 = 2*i, -i = -5*a - 3*i + 144. Calculate the greatest common divisor of a and o.
3
Let f(n) = n**2 - 12*n. Let m be f(12). Suppose 3*x + 4*d - 37 = m, -16 = -3*x + 2*d - 3. What is the highest common divisor of 35 and x?
7
Suppose -2 - 3 = q, 3*q + 11 = -4*g. What is the greatest common factor of 4 and g?
1
Suppose -3*m - 386 = -5*m + 2*r, r = 5*m - 961. Calculate the greatest common divisor of m and 24.
24
Let b = -38 + 41. Calculate the greatest common factor of b and 1.
1
Let f(c) = -3*c + 3. Let r be (-2 + 16/6)*6. Suppose -4*o + r*t - 28 = 0, t = -5*o - 2*t - 11. Let q be f(o). Calculate the highest common divisor of 5 and q.
5
Let h(c) = c**3 - 6*c**2 + c + 10. Let v be h(6). What is the greatest common divisor of v and 48?
16
Let g = 111 - 46. What is the highest common factor of 13 and g?
13
Let i be (-1)/3 + (-82)/(-3). Let t = i - -83. Let n = -65 + t. What is the highest common factor of 5 and n?
5
Let n(b) = -2*b**2 + 5*b - 3. Let v be n(6). Let u be (-530)/v - (-4)/18. Calculate the greatest common divisor of 3 and u.
3
Let d(c) = -c**2 - 30*c - 54. Let r be d(-28). Calculate the highest common divisor of 10 and r.
2
Let n = 26 - 24. What is the greatest common factor of 2 and n?
2
Let l be (-1)/3 - 194/(-6). Let v(f) = 5*f**3 - f. Let w be v(1). What is the highest common factor of l and w?
4
Suppose 17 = 2*j - j - i, -2*j - 3*i + 34 = 0. Suppose -7 = -p + 2*s, -p - 5*s + 53 = 11. What is the greatest common factor of j and p?
17
Let j = 13 + -12. What is the greatest common divisor of 3 and j?
1
Let t be (-2)/(-7) - (-180)/105. What is the highest common factor of t and 38?
2
Let x be 2/5 - 6/15. Suppose 9*w - 4*w - 35 = x. What is the highest common divisor of w and 35?
7
Suppose -551 = -3*o - 110. Calculate the highest common factor of 21 and o.
21
Suppose -3*x + 40 = 4. Calculate the greatest common divisor of x and 12.
12
Let o be 11 + 3/1 + 0. Calculate th